me factors of v?
7
Let x(h) = h**3 - 10*h**2 + 7*h + 20. List the prime factors of x(11).
2, 109
Let y = -83 - -153. List the prime factors of y.
2, 5, 7
Suppose -x + 3*u + 3 = 0, -x + 3*x - 51 = -3*u. List the prime factors of x/((-1)/((-2)/4)).
3
Let t(m) = -1 + m**2 + 16*m**3 - 2 - 8*m - 3*m**2. Let p(a) = 5*a**3 - a**2 - 3*a - 1. Let h(b) = 8*p(b) - 3*t(b). What are the prime factors of h(-1)?
7
List the prime factors of (-3)/(-4) - 1864/(-32).
59
Suppose -l = -12*l + 132. List the prime factors of l.
2, 3
Suppose b + b - 24 = 0. Suppose -4*c + 2*c + b = 0. What are the prime factors of c?
2, 3
Let p(q) = -q**3 + 4*q**2 - 5*q + 4. Let d be p(3). Suppose 5*h = 3*z - 6, 5*z = z - 2*h + 8. What are the prime factors of 10 + d + z + 0?
2, 5
Suppose -8*f - 804 = -14*f. What are the prime factors of f?
2, 67
Let c(p) = -p - 8. Let g be c(-7). Let m(x) = -3*x. Let n be m(g). Suppose -44 = -n*t - t. List the prime factors of t.
11
Suppose -3*w + 3*u = u - 17, -u = 1. Let f(o) = 7*o - 15. Let m(v) = 3*v - 7. Let h(b) = 4*f(b) - 9*m(b). What are the prime factors of h(w)?
2
Let r be -1 + 2 - 0/1. Let n be (-3 - -3)*r - 2. List the prime factors of n + (8 + -2 - -2).
2, 3
Let l be 8/20 - (-38)/5. Let t be (1 - 3)*12/l. List the prime factors of 61/4 + t/12.
3, 5
Suppose 4*w = 4*i + 16 + 4, -w - 15 = -5*i. Let m be 2/10 + 18/w. Suppose 2*h + 2*a - 18 = -m*h, -3*h - 2*a + 15 = 0. What are the prime factors of h?
3
What are the prime factors of ((-110)/(-30))/((-2)/(-42))?
7, 11
Let i = 236 - 135. Let y = -22 + 31. What are the prime factors of i/y - 4/18?
11
Let y be (-9)/6*4/2. What are the prime factors of (y/(-9))/((-3)/(-81))?
3
Suppose 105 = 2*v - 3*b + 3, -v + 3*b = -51. List the prime factors of v.
3, 17
Let p(x) = 3*x**2 + 3*x. Let u be p(-3). Let a = -12 + u. What are the prime factors of a?
2, 3
Suppose -5*v + 107 = -v - 3*w, -2*w + 36 = 2*v. What are the prime factors of v?
23
Let l(a) = -2*a. Let u(i) = 5*i - 1. Let j(n) = 14*l(n) + 6*u(n). Let t be j(4). Suppose 5 - 15 = -t*r. List the prime factors of r.
5
Suppose -4*d + 4*i = 1608, 2*i + 2*i - 2010 = 5*d. What are the prime factors of d/(-18) - 2/(-3)?
23
Suppose -2*l + 26 = -l - z, 5*l - 3*z - 130 = 0. List the prime factors of l.
2, 13
Suppose 4*x - 26 - 102 = 0. List the prime factors of x.
2
Let i(a) = -a**2 - 5*a - 3. Let s be i(-3). Suppose s*l = 84 - 24. List the prime factors of l.
2, 5
Suppose -m - 3*h + 3 = 0, -2*h - 3*h = 3*m - 13. List the prime factors of m.
2, 3
Suppose 81 = -5*z + 361. List the prime factors of z.
2, 7
Let t(a) = a**2 - 9*a - 7. Let w be t(-7). Suppose 2*f - 34 - w = -5*l, 2*l - 2*f = 64. What are the prime factors of l?
29
Suppose -a + 11 + 8 = 0. Let i = a - 31. What are the prime factors of 1/(-4) + (-111)/i?
3
Suppose 4*s - 130 = -3*r, -2*s - 222 = -5*r - 6*s. What are the prime factors of r?
2, 23
List the prime factors of (4 - (-55)/(-15))/(1/42).
2, 7
What are the prime factors of (28/6)/(8/252)?
3, 7
What are the prime factors of (-1894)/(-18) - (56/(-36))/(-7)?
3, 5, 7
Suppose 3*b = -0*a + 3*a + 192, 314 = 5*b - 3*a. List the prime factors of b.
61
Let b(p) = 5*p. Let g be b(2). Suppose -2*k - 4*m - g = -2, 5*k = -5*m. Let d = k + 4. What are the prime factors of d?
2
Let y be (1/2)/((-2)/(-12)). Let q(a) = -a**2 + 3*a + 3. List the prime factors of q(y).
3
Let f(u) = u**2 + 6*u + 2. Let a be f(-6). Let h(r) = 4*r + r**2 - 4 + 5*r + 1 - 2*r**a. What are the prime factors of h(7)?
11
Suppose 57 + 987 = 9*n. List the prime factors of n.
2, 29
Suppose 4 = -5*a + 4*a. Let x(m) = -8*m + 1. Let g be x(-4). List the prime factors of g/4 - a/(-16).
2
Let r = 56 - 14. Let g = r + -12. Let v = 44 - g. What are the prime factors of v?
2, 7
Let h(n) be the first derivative of -n**4/4 + 5*n**2/2 + 4*n - 3. List the prime factors of h(-3).
2
What are the prime factors of 2/(-4) + (-453)/(-2) + -2?
2, 7
Let i(m) = 0*m + 10*m + m**2 - 6 - 2*m**2. Let t = 12 - 3. What are the prime factors of i(t)?
3
Suppose z - 1 + 6 = 0, -4*i - 3*z = -9. Suppose 0 = -2*b + i - 4. List the prime factors of (-3 - -13) + (0 - b).
3
Suppose 252 = 4*h - 0*h. What are the prime factors of ((-6)/9)/((-3)/h)?
2, 7
Let b(m) be the third derivative of 3*m**4/8 - m**3/6 + 2*m**2. What are the prime factors of b(3)?
2, 13
Suppose -2*g + 490 = 8*g. List the prime factors of g.
7
Let m = 3 - 11. Let i = m + 5. What are the prime factors of 4/i*(-27)/6?
2, 3
Suppose -a - 68 - 2 = -3*u, -a = 1. List the prime factors of u.
23
Let i be (2 - (-1 + 2))*-1. Let m be (-1 - (3 - 1))*i. Suppose 8*r - m*r - 3*g = 33, 4*r - 5*g = 29. What are the prime factors of r?
2, 3
Let c = 34 - 24. List the prime factors of c.
2, 5
Let n = -4 - -13. Suppose n = i - 16. What are the prime factors of i?
5
Let x = -4 + 4. Suppose -g + 6*g - 135 = x. Let a = g + -13. What are the prime factors of a?
2, 7
Let n = -23 + 24. Let x(q) = -3*q + 7. Let s be x(5). Let u = n - s. List the prime factors of u.
3
Let l = 128 - 83. List the prime factors of l.
3, 5
Let i be (1 - -6)*8/14. Suppose 0*z + 35 = 2*r - 3*z, i*r = 4*z + 64. List the prime factors of r.
13
Suppose -2*j = j. Suppose j = 3*p + 3*i - 15, -p - 4*i - 4 = -5*p. List the prime factors of p.
3
Let n = 20 + -12. Suppose 5*q = b - n, -4*q + 0 - 10 = -2*b. List the prime factors of b.
3
Let m = 26 - 14. List the prime factors of m.
2, 3
Let x(n) = -3*n + 2. Let c(b) = b**2 + 2*b - 3. Let m be c(-4). Suppose 0 = -4*v - 4*u, m*v - 3*u + 12 = -4*u. What are the prime factors of x(v)?
11
Let t be (1 + 3 - 3)*0. Suppose -2*g + 38 + 36 = t. What are the prime factors of g?
37
Let m = 584 - 325. List the prime factors of m.
7, 37
Suppose 4*a - 61 = -w, 4*a + 23 = 7. What are the prime factors of w?
7, 11
Let l(v) = 0*v + 2*v**3 - 3*v**3 + 4*v + 1 - v**2. Let i be l(-3). Let n = i - 2. What are the prime factors of n?
5
Let h(m) = m + 29. Let b be (-3 + 5/2)*0. What are the prime factors of h(b)?
29
Let g(i) = i + 2. Let a(p) = -1. Let u(l) = -4*a(l) - g(l). List the prime factors of u(-10).
2, 3
Let c be 112/(-20)*(-10)/2. Suppose 4*n = 4*t - c, -3*n = 2*t + 2 + 4. What are the prime factors of t?
3
What are the prime factors of 8 + 1 + -5 + 53?
3, 19
Let f(c) = c**3. Let d be f(1). What are the prime factors of -10*d/((-4)/2)?
5
Let d be 102 - (1 + 1 - 0). Suppose -d - 4 = -5*s - 2*b, -4*s - b + 82 = 0. List the prime factors of s.
2, 5
Suppose -3*d - 11 = l - 6*l, -4*d + 20 = 2*l. Suppose -b + 39 = d*g + 9, -2*g = 4*b - 10. List the prime factors of g.
11
Let o(n) = -n**3 + 2*n**2 + 2*n - 2. Let w be o(2). Suppose 5*g = 3*g + 4. Suppose g*z + 3 - 17 = -w*k, 3*z + 9 = 0. What are the prime factors of k?
2, 5
Let b(f) = -f**3 - f**2 + 2. Let k be b(0). Suppose 0 = -2*d + o + 24, -k*d - 4*o + 58 = d. What are the prime factors of d?
2, 7
Let u = -1 + -3. Let n be ((-4)/(-8))/((-2)/u). Suppose -5 = -x - n. List the prime factors of x.
2
Let f(q) = 32 - 2*q**2 - 10 - q + q**2. What are the prime factors of f(0)?
2, 11
Suppose 3*j = 6*j - 9. Suppose -2*b - 8 = 0, -3*b = -2*v + 3*v + j. What are the prime factors of v?
3
Suppose -4*u - 2*u = -12. List the prime factors of 10*(u/(-5) + 2).
2
Suppose 3*g = 2*g - 5*p - 26, 16 = -4*p. Let h(x) = x**3 + 5*x**2 - 7*x + 4. List the prime factors of h(g).
2, 5
Let g(k) = k**3 - 6*k**2 + 4. Let o be g(6). Suppose o*r - 2*t + 5*t - 109 = 0, -r = -2*t - 19. What are the prime factors of r?
5
Let j(z) = -3*z - 7. Let n = -22 + 16. Let k be 3/(1 + n/4). List the prime factors of j(k).
11
Let g = 5 + -3. Suppose -5*q + 3 = -4*q, g*q = -4*l + 18. Suppose l*h + b = 20, 0*b = 3*h + 3*b - 18. List the prime factors of h.
7
Let o(j) be the first derivative of 38*j**3/3 + j**2/2 + j - 4. What are the prime factors of o(-1)?
2, 19
Let x(n) = n**3 - 5*n**2 + n - 3. Let z be x(5). Suppose 2*h - 286 = 3*c, -2*c - 5*h = z*c + 366. What are the prime factors of c/(-18) + (-4)/18?
5
Let h be 16/(-2)*8/(-16). Let s = 7 - h. Suppose 2*i + 12 = s*i. What are the prime factors of i?
2, 3
Let q = -15 + 49. What are the prime factors of q?
2, 17
Let c be (7 + -2)*8/20. Let w(s) = 9*s**c - 2*s - 2 + 3 + s. List the prime factors of w(1).
3
Let q(f) be the second derivative of -f**5/20 - f**4/6 + 2*f**3/3 + 2*f**2 - 4*f. Let l be q(-4). Suppose -4*m + 48 =